In base 4, what is 201200 - 1023222131?
-1023020331
In base 4, what is 23230110111 - 10?
23230110101
In base 9, what is -17 - 3635701?
-3635718
In base 11, what is -a - 3a2?
-401
In base 16, what is -52c6aab - -f?
-52c6a9c
In base 13, what is -3 + -3472918?
-347291b
In base 13, what is 17 - -66477?
66491
In base 15, what is ddb - -4ba4?
5a90
In base 15, what is b23279a + -5?
b232795
In base 16, what is -9 - -5f40dd?
5f40d4
In base 8, what is -4460573015 - -5?
-4460573010
In base 10, what is -689356 - 10?
-689366
In base 11, what is -351a9 + -116?
-35314
In base 12, what is -b400743b + -5?
-b4007444
In base 11, what is -15291 - -493a?
-10452
In base 10, what is 1 - 2951133?
-2951132
In base 8, what is 7703 - 406?
7275
In base 14, what is -4 - 738b855?
-738b859
In base 13, what is -2069606 + -a?
-2069613
In base 16, what is -1a - 77a165?
-77a17f
In base 3, what is 11102021111 + 1102100?
11110200211
In base 15, what is 82 - a300?
-a26d
In base 9, what is -122 - -1618244?
1618122
In base 10, what is -1 - 3347832?
-3347833
In base 6, what is 153453104 - -22?
153453130
In base 11, what is -35597a6 + 6?
-35597a0
In base 14, what is 1c7155 - b?
1c7148
In base 11, what is -5102a30 + -70?
-5102aa0
In base 10, what is -1259 - 9729?
-10988
In base 4, what is -103 + 32120033211?
32120033102
In base 2, what is 1101 - 11110110001111111000011001?
-11110110001111111000001100
In base 12, what is 54b4b + -513?
54638
In base 14, what is -c35 - c6b7?
-d50c
In base 8, what is 515231 + -530?
514501
In base 7, what is -401 - -46416?
46015
In base 16, what is 28 + ee3c?
ee64
In base 3, what is 20 - 100121010122020100?
-100121010122020010
In base 6, what is 3 + -40122315031?
-40122315024
In base 14, what is -b1b89 - -69a?
-b14cd
In base 7, what is 0 + 3215425551?
3215425551
In base 3, what is -1110 - 10012202011000?
-10012202012110
In base 10, what is -438 + -1258985?
-1259423
In base 15, what is -53354dd2 - -1?
-53354dd1
In base 6, what is -14400 + 3011?
-11345
In base 16, what is 1a93dd + 7?
1a93e4
In base 7, what is -1305501 + 3616?
-1301552
In base 7, what is 464 - -334036?
334533
In base 6, what is 315 - 2505452?
-2505133
In base 13, what is -29 - 8a22?
-8a4b
In base 7, what is 51 + 245304106?
245304160
In base 6, what is 252 - -42134?
42430
In base 16, what is -10e3 - 316?
-13f9
In base 10, what is -1 + 33045008?
33045007
In base 9, what is -1644135 - 4?
-1644140
In base 3, what is -120002002222 + -110?
-120002010102
In base 10, what is -1657 - -124074?
122417
In base 13, what is -129030b - -3?
-1290308
In base 13, what is 31c926c + 30?
31c929c
In base 14, what is -1187d + -3db0?
-1584d
In base 14, what is 846 + 4a2ca?
4ab32
In base 8, what is -5232 + -3105?
-10337
In base 10, what is 0 - 4205325?
-4205325
In base 3, what is -10022212101021121 - 1?
-10022212101021122
In base 2, what is 1011001011101100101111001 + -100?
1011001011101100101110101
In base 15, what is -114a412 - 5?
-114a417
In base 12, what is -8b + 3427?
3358
In base 5, what is -1140111 - -14433?
-1120123
In base 8, what is 4604727 - -4?
4604733
In base 3, what is 10200 - -20001102010211?
20001102021111
In base 12, what is 2 - -329599?
32959b
In base 16, what is -16ab1 + 8bd?
-161f4
In base 8, what is 5 - 362154753?
-362154746
In base 14, what is 23 + -7774?
-7751
In base 11, what is 1297 + -1aa78?
-19791
In base 8, what is 11 - 32617225?
-32617214
In base 4, what is 111001332302 + 11?
111001332313
In base 13, what is -1a8 - 12684b?
-126a26
In base 11, what is 2145358 - -25?
2145382
In base 2, what is -101111100 - -1011100111?
101101011
In base 6, what is 3322042 + -4214?
3313424
In base 14, what is 6735cb4 + -4?
6735cb0
In base 8, what is -162 + -15666415?
-15666577
In base 16, what is a4f - 248?
807
In base 5, what is -43214 + -40240?
-134004
In base 3, what is 12100 - 2202221102?
-2202202002
In base 4, what is 1 + -120330112123?
-120330112122
In base 7, what is -2 + -1044236405?
-1044236410
In base 8, what is -20 + -1040672?
-1040712
In base 9, what is 1023 + 160258?
161282
In base 8, what is 662 - -630347?
631231
In base 6, what is 0 - 230152034?
-230152034
In base 14, what is 1d37 - 48629?
-466d2
In base 5, what is 324010432 - 244?
324010133
In base 2, what is -100010001000011111 + 101110?
-100010000111110001
In base 11, what is 338 - -27473?
27800
In base 14, what is -5 + -7b6d82?
-7b6d87
In base 9, what is -78808 + -771?
-80680
In base 3, what is -1020112110102 + 1?
-1020112110101
In base 9, what is 20 - -64887?
65017
In base 2, what is 101011100100101 - 10011110?
101011010000111
In base 2, what is -101101011001000000101101 - 1?
-101101011001000000101110
In base 15, what is de - 191e45?
-191d56
In base 12, what is -7899550 + b?
-7899541
In base 12, what is -2 - -a06834?
a06832
In base 11, what is -6307 + -352?
-6659
In base 3, what is -10022010020202 + 1022?
-10022010012110
In base 13, what is 22bc5 + 16c7?
245bc
In base 9, what is 0 - -7307668?
7307668
In base 11, what is 5 - -823444a1?
823444a6
In base 3, what is 22012120 + 1211010?
101000200
In base 9, what is 17637648 - -11?
17637660
In base 7, what is -5554050 - -326?
-5553421
In base 16, what is -5 - -aa6660?
aa665b
In base 6, what is -341254 + -44155?
-425453
In base 9, what is 466327 - -154?
466482
In base 5, what is 12110111 - 2314?
12102242
In base 4, what is -110 + -33311113033?
-33311113203
In base 8, what is -27 - 2230011?
-2230040
In base 8, what is 0 - 377120676?
-377120676
In base 10, what is 1 + 7955747?
7955748
In base 3, what is 120220201111101 + 1?
120220201111102
In base 12, what is 3b3 + a4752?
a4b45
In base 16, what is -2 - 2462f94?
-2462f96
In base 11, what is -1 + -15403a0?
-15403a1
In base 12, what is 706 + b90b?
10415
In base 12, what is 61 - -15bb43?
15bba4
In base 3, what is -1111 + -120201001012?
-120201002200
In base 12, what is -11b63 - 3044?
-14ba7
In base 13, what is -3 + 32210895?
32210892
In base 15, what is -25a423 - 0?
-25a423
In base 5, what is -1244112303 - -2?
-1244112301
In base 13, what is 2 - -a24218?
a2421a
In base 10, what is 475160 + -100?
475060
In base 9, what is -1225 + -12153?
-13378
In base 15, what is 6857 + -573?
62d4
In base 13, what is -1b4 + 1c781?
1c59a
In base 2, what is -11011100001010100000 + 10101?
-11011100001010001011
In base 8, what is 61233 - -1770?
63223
In base 13, what is -100b7 + -23b1?
-12498
In base 3, what is -1110102 + -211012120010?
-211021000112
In base 16, what is 3c + 4a6b94?
4a6bd0
In base 3, what is 1010221100200111111 - -11?
1010221100200111122
In base 7, what is -34360451 + -2?
-34360453
In base 12, what is 45 - -525295?
52531a
In base 9, what is -1628760 - -1?
-1628758
In base 11, what is -13035 + 717?
-12419
In base 15, what is 138 - 790d?
-77c5
In base 6, what is 13330 + 201002?
214332
In base 13, what is 121 - -11c99?
120ba
In base 8, what is -12321625 + 2?
-12321623
In base 11, what is 7588 - 56183?
-496a6
In base 6, what is -4145045 + 32?
-4145013
In base 5, what is 21301 - -210434?
232240
In base 5, what is -3 - 333232212?
-333232220
In base 16, what is -ac791e - 0?
-ac791e
In base 14, what is 77 - a87b16?
-a87a7d
In base 15, what is a + 289e4c?
289e57
In base 14, what is -42 + -10941?
-10983
In base 5, what is -20 + 111204142114?
111204142044
In base 13, what is -3679 + -1c1?
-386a
In base 13, what is -18 + -511c3?
-5120b
In base 2, what is 10 + -10111110100101111010011?
-10111110100101111010001
In base 13, what is 3 - 199b4981?
-199b497b
In base 4, what is 113312312 - -101?
113313013
In base 12, what is 299 - 62a255?
-629b78
In base 3, what is 2012002010000122 + 2?
2012002010000201
In base 7, what is 110 - 454413?
-454303
In base 3, what is -1120 - 100011202000?
-100011210120
In base 10, what is 951 - -47374?
48325
In base 4, what is 3200 + -22011201?
-22002001
In base 4, what is -122 + -201202220?
-201203002
In base 10, what is 36 + 8276?
8312
In base 14, what is -24 - -128246?
128222
In base 9, what is 188 + 3413353?
3413552
In base 15, what is -b39da - -9?
-b39d1
In base 16, what is 2 + -a11f2?
-a11f0
In base 8, what is -372013012 - 2?
-372013014
In base 9, what is -15082 - 3553?
-18645
In base 11, what is -855 + 29a57?
29202
In base 13, what is c15 - -63?
c78
In base 4, what is -22 + 1113331210120?
1113331210032
In base 11, what is -19 + -28421